 p*c + 3, 3*c = 0. Calculate the remainder when 1 is divided by s.
0
Let h(c) = -5*c + 10. Let b be h(-8). Let d = b + -34. What is the remainder when d is divided by 6?
4
Let s = -91 - -161. Calculate the remainder when s is divided by 18.
16
Let v be (2 - 3) + 1 + 7. Suppose -3*k + 14 = 2. Suppose k*c - 9 = v. Calculate the remainder when 10 is divided by c.
2
Let w = 275 + -220. Calculate the remainder when w is divided by 28.
27
Suppose -4*y = 5*i - 171, 5*y + 2*i - 223 = 5*i. Let s(c) = 5*c + 6. Let v be s(7). Let d = v + -26. Calculate the remainder when y is divided by d.
14
Suppose -32 = -5*u + u. Let x = u + 3. Let g = 11 + x. Calculate the remainder when g is divided by 8.
6
Let u(h) = h + 26. Suppose 0 = 8*k - 11*k + 27. Calculate the remainder when u(0) is divided by k.
8
Let b(x) = -5*x. Let m = -4 - -5. Suppose 0 = -y - m - 0. Calculate the remainder when 18 is divided by b(y).
3
Suppose -5*f + 143 = -12. What is the remainder when f is divided by 16?
15
Suppose -7*u = -33 - 30. Let y = 3 + 3. Calculate the remainder when u is divided by y.
3
Let i = 49 - 41. Calculate the remainder when 20 is divided by i.
4
Let v(d) = 17*d - 6. Suppose -3*k + 26 = l - k, 15 = 5*k. Calculate the remainder when v(5) is divided by l.
19
Suppose -3*f - 14 = -5*f. Suppose r - 79 = -2*s - s, 0 = 5*s + r - 133. Calculate the remainder when s is divided by f.
6
Suppose 4*p - 60 = -n + 12, -2*p + 5*n + 14 = 0. Calculate the remainder when p is divided by 14.
3
What is the remainder when ((-24)/16)/(6/(-40)) is divided by 4?
2
Let f = 8 - -7. Let k be 815/f + (-1)/3. Suppose 6 = -u + 2*v + k, -3*u + 142 = -4*v. What is the remainder when u is divided by 12?
10
Suppose 3*o = -3*q + o + 68, 0 = -5*o - 10. What is the remainder when 93 is divided by q?
21
Suppose 80 = 3*b + b. What is the remainder when b is divided by 11?
9
Suppose 5*l - t - 413 = 0, -6*l + 4*l + 170 = -2*t. What is the remainder when l is divided by 28?
26
Let q = 85 + -40. Suppose 5*c + 0*c - 4*j = q, 5*j = -4*c - 5. Calculate the remainder when 9 is divided by c.
4
Suppose 5*w + 69 = 8*w. What is the remainder when w is divided by 6?
5
Suppose 6*o - 28 = 2*o. Let k = -3 + o. Calculate the remainder when k is divided by 3/(0 + 1 + 0).
1
Suppose s + 5*b + 8 = 0, -2*s + 4*b = 3*s - 105. Calculate the remainder when s is divided by 9.
8
Suppose 3 - 9 = h. Let j = 20 + h. Calculate the remainder when j is divided by 8.
6
Let j(p) = 3*p - 7. Let k(n) = n + 12. Let l be k(-6). Calculate the remainder when j(l) is divided by 2/(-3 + (-69)/(-21)).
4
Let i be (22/4)/(2/4). Suppose -i*l = -8*l - 30. What is the remainder when 38 is divided by l?
8
Calculate the remainder when 47 + 8 + -1 + -3 is divided by 26.
25
Let i = -11 - -25. Calculate the remainder when 26 is divided by i.
12
Let c = 170 - 92. What is the remainder when 22 is divided by (c/(-91))/((-1)/7)?
4
Let b(o) = 4*o. Calculate the remainder when 29 is divided by b(2).
5
Suppose 0 = 5*u + 5*v - 150, -u + 33 = -3*v - 13. What is the remainder when 65 is divided by u?
31
Suppose -4*q = j - 455, -2*j = -7*j - 5. Calculate the remainder when q is divided by 23.
22
Let l = 95 - -10. What is the remainder when l is divided by 27?
24
Let w(b) = 5*b**2 + 2*b. Let y be w(-3). Suppose 2*c - y = c. Let o = 46 + -26. Calculate the remainder when c is divided by o.
19
Let t(w) = w**3 + 5*w**2 + 5*w + 2. Calculate the remainder when t(-3) is divided by 3.
2
Suppose s - 8 - 48 = 0. Let n be ((-4)/2 - -2) + s. Suppose 4*i - 52 = 5*r, 5*i - n = -r + 5*r. Calculate the remainder when 22 is divided by i.
6
Suppose -y + 2*y - 3 = 0. Suppose 39 - 9 = y*u. Calculate the remainder when 37 is divided by u.
7
Let k = 121 - 52. Calculate the remainder when k is divided by 16.
5
Let o = 7 - 2. Let m = -3 + o. What is the remainder when 49 is divided by 34/((-2*m)/(-2))?
15
Let m be 2*-1 + 4 - 2. Suppose 4*s = -m*s + 76. Calculate the remainder when 37 is divided by s.
18
Let c(t) = 2*t**2 - 14*t + 12 + 11*t**2 + 5*t**3 - 4*t**3. Calculate the remainder when 20 is divided by c(-14).
8
Let i(t) = -t**2 + t + 4. Let p be i(3). Let q(x) = -x**3 - 2*x**2 + 6*x + 3. Let c be q(-4). Calculate the remainder when 20 is divided by c/(p - (-4 + 1)).
9
Let i(d) = 2*d**2 + 3. Suppose 2*z + 0*z = -3*b + 13, 5*b = -5*z + 40. Calculate the remainder when i(-3) is divided by z.
10
Let m = 17 - 11. Suppose z - 5 = 16. Calculate the remainder when z is divided by m.
3
Let s be 1/(3 + 302/(-100)). Suppose 2*a + 3*w = 37, 1 = -3*w + 10. What is the remainder when 402/10 + 10/s is divided by a?
12
What is the remainder when ((-3)/12)/(1/(-68)) is divided by 10?
7
Suppose 5*h - 2*y + 0*y - 90 = 0, 4*y = h - 36. Calculate the remainder when 45 is divided by h.
13
Let n(l) = -l**3 - 9*l**2 - 8*l - 7. Let q be n(-8). Let a = 32 + q. Let b(v) = v**2 - 5*v - 1. Calculate the remainder when a is divided by b(7).
12
Let t(w) = w**2. Let u be t(0). Let r be -10*(u + 1/2). Let a(n) = -n - 1. What is the remainder when 10 is divided by a(r)?
2
Let i be -1 - (1/(-1) + -2). Suppose 0 = i*y - 4*c - 30, -3*y - 33 = -4*y - 4*c. Calculate the remainder when y is divided by 12.
9
Suppose -i + 3*y = y - 6, 3*i + 5*y - 73 = 0. Let g = 52 - 5. Calculate the remainder when g is divided by i.
15
What is the remainder when -4 + (20 - (4 - 3)) is divided by 6?
3
Suppose 3*k - 57 = -4*i - 2*k, -3*k - 9 = 0. What is the remainder when 35 is divided by i?
17
Suppose -6*l + l - 2*z = -29, -z = 5*l - 27. Let m = 9 - l. Suppose 0*d + 11 = d. Calculate the remainder when d is divided by m.
3
Suppose 2*c - 10 = 10. Calculate the remainder when 27 is divided by c.
7
Let p(l) = -l**3 + 6*l**2 - 5*l + 3. Let z(t) = -2*t + 11. Let n be z(10). Let k(h) = -h - 2. Calculate the remainder when k(n) is divided by p(5).
1
Let c = 66 + -118. Let m = c + 107. Calculate the remainder when m is divided by 14.
13
Let t = 92 - 61. Calculate the remainder when t is divided by (-20)/(-5) - (-3 + -1).
7
Suppose 0 = 2*t + 4*z - 2*z - 108, 2*z - 59 = -t. Calculate the remainder when 94 is divided by t.
45
Let g(a) = 9. Let m(i) = -i - 1. Let o(u) = -g(u) - 12*m(u). Calculate the remainder when o(4) is divided by 13.
12
Suppose -4*q - 6 = -70. Calculate the remainder when 26 is divided by q.
10
Let q be 4/(-14) - (-162)/(-21). Let w(s) = s + 11. Let d be w(q). Calculate the remainder when (1 + (-22)/(-6))*d is divided by 8.
6
Let w(l) = 2*l**2 + 4*l - 10. Let g be w(-11). Suppose -2*c = -3*m - 79, 0*c - 5*c - 2*m = -g. Calculate the remainder when c is divided by 13.
12
Suppose 12 = d + 3*q, 0*q + 3*q - 60 = -5*d. What is the remainder when 82 is divided by d?
10
Suppose 5*p - 1 - 14 = 0. What is the remainder when 6 is divided by p?
0
Suppose l = 14 + 9. Let y(j) = 13*j - 1. What is the remainder when l is divided by y(1)?
11
Let l(w) = w**3 + w**2 + w + 15. Calculate the remainder when 88 is divided by l(0).
13
Let v = -15 + 19. Calculate the remainder when 11 is divided by v.
3
Let j be (8/(-10))/((-4)/10). Suppose 10*c - 741 = -3*c. What is the remainder when c is divided by (-1)/j - (-93)/6?
12
Suppose -d = 3*v - 18, -3*d - v = d - 61. Let y(l) = -l**3 - 2*l**2 - l - 4. What is the remainder when d is divided by y(-3)?
7
Suppose 2*n = a - 14, 3 = -2*a - 4*n + 7. Calculate the remainder when 22 is divided by a.
6
Let n(t) = 24*t**3 + 5*t**2 - 10*t - 6. Let w(m) = -5*m**3 - m**2 + 2*m + 1. Let g(x) = -2*n(x) - 11*w(x). Calculate the remainder when 25 is divided by g(1).
4
Let n(d) be the second derivative of -d**3/2 - d**2 + d. Let k be n(-2). Suppose -4*z + z - 1 = -k*o, -12 = -3*o. What is the remainder when 8 is divided by z?
3
Suppose 2*j = j + 52. Let y = 27 + -9. What is the remainder when j is divided by y?
16
Suppose 0 = -5*h + 60 + 25. What is the remainder when 29 is divided by h?
12
Suppose -2*z + 5*v - 2 = z, -10 = -3*z + 2*v. Suppose f = -0*f - 2. Calculate the remainder when (4/2)/(f/(-16)) is divided by z.
4
Suppose 0*q = -2*q + 18. Let o(u) = 6*u**3 - u**2. What is the remainder when q is divided by o(1)?
4
Suppose 4*x + 4 = p - 11, -2*p = 3*x - 74. Suppose -32 = 2*b - 6*b + 2*i, -p = -5*b - 2*i. Calculate the remainder when 25 is divided by b.
4
Let w(k) be the third derivative of k**5/60 - k**4/8 + k**3/6 - 9*k